8)/(-12)?
7
What is the tens digit of 188 - (1 + ((-16)/4)/(-2))?
8
Suppose -28 = -0*d - 4*d. Suppose 2*o = -5*a + d, 4*a - o = 14 + 2. Suppose 2*i = -a*i + 65. What is the units digit of i?
3
Let j(f) = -9*f - 2. Let n be j(-2). Suppose -2*h - n = -c, 0 = -4*c + h + 2*h + 44. Suppose 2*r - 4*r + c = 0. What is the units digit of r?
4
Let v = -20 + 12. Let s = v + 12. What is the units digit of s?
4
Suppose 12 = -8*i + 10*i. What is the units digit of i?
6
Let b(y) = -y**3 - 16*y**2 + 39*y + 19. What is the units digit of b(-19)?
1
Suppose -2*t - 2 + 12 = 0. Suppose -t*f + 7 = 5*w - 18, -2*f + 13 = w. What is the units digit of f?
8
Suppose -5*p + z + 504 = 0, 2*p - 3*z = 5*p - 288. What is the units digit of p?
0
Let f = -6 - -5. What is the units digit of f + ((-20)/2)/(-1)?
9
What is the units digit of 1 + 1 + 46 - -1?
9
Let n = -6 - -4. What is the units digit of 5/n*36/(-10)?
9
Let p(h) = -h**2 + 4*h + 5. Let s be p(4). Let d(n) = 2*n + s*n - 9*n - 1. What is the units digit of d(-2)?
3
Let n = -6 + 0. Let c be 0*(-2)/n + -12. What is the units digit of ((-3)/9)/(1/c)?
4
Let z(t) = -t**3 + 7*t**2 - 3*t + 10. Let g be z(7). Let f(y) = y**2 + 10*y - 8. Let x be f(g). Suppose -w = -x*w + 26. What is the tens digit of w?
1
Suppose 4*m + 4*n - 108 = 0, -24 = -2*m + 4*n + 48. What is the tens digit of m?
3
Suppose 0 = -3*w, 0 = -6*x + 3*x + w + 24. Suppose -5*v + x*v + 3 = 0. Let a(g) = -9*g + 1. What is the tens digit of a(v)?
1
Let t(b) = b**3 - 2*b + 18. What is the tens digit of t(0)?
1
Let q be -2*(-440)/12*-3. What is the tens digit of (-4)/18 - q/18?
1
Suppose 150 = 5*a + 5*z, 2*a + 0*a + 4*z - 58 = 0. What is the tens digit of a?
3
Suppose -2*z - c - 8 = 3*z, -5*c = -3*z - 16. Suppose -4*b - 25 = 15. Let g = z - b. What is the units digit of g?
8
Suppose -3*t + 6 = 0, 5*t = o + 3*o - 186. What is the units digit of o?
9
Let q(k) = -2*k**3 - 3 + 6*k**2 - 4*k - 1 + 3*k**3. What is the units digit of q(-6)?
0
Let w(p) = p + 8. Let d be w(-4). Suppose 0 = -3*g - 3, d*g + 7 = z - 24. What is the tens digit of z?
2
Suppose 4 = -5*p - 16. Let s = -1 - p. What is the units digit of s?
3
Let v = 18 - 16. Suppose p - 4 = 0, -p + v - 14 = -2*s. What is the units digit of s?
8
Let x = 5 + -13. Let y = -7 - x. What is the units digit of y?
1
What is the units digit of 2/3 + (-1)/(3/(-115))?
9
Let j be (0 + 0)*(-3)/(-6). Let w(m) = -7 - 8 - m + 17. What is the units digit of w(j)?
2
Let k = -9 + 43. What is the units digit of k?
4
What is the units digit of 6*9/6 - -4?
3
Let v = 13 + -4. What is the units digit of v?
9
Let x = -77 - -44. Suppose -f + 15 = -4*f. What is the units digit of x/f - (-6)/15?
7
Let g(m) = -36*m**3 + 2*m + 1. What is the tens digit of g(-1)?
3
Suppose r = -l - 4*r - 10, 2*l - 6 = 3*r. Suppose -4*v + l*v = -12. What is the units digit of v?
3
What is the tens digit of (-1252)/(-12) + 1/(-3)?
0
Suppose 3*f - 2*f = 33. Suppose s = 5*m - 55, 3*m + s = -3*s + f. What is the tens digit of m?
1
Suppose -4*n + 743 - 11 = 2*w, -5*w - 2*n + 1814 = 0. What is the tens digit of w?
6
Let x(a) = a**2 - 4*a - 3. Let h be x(5). Suppose u = -2 + 4. Suppose h*r + u*r = 32. What is the units digit of r?
8
Let l = -74 - -111. What is the tens digit of l?
3
Suppose 0 = 3*s - 0*s - 15. Suppose 3*z - 68 = -4*p, 0 = p - z - s - 5. What is the tens digit of p?
1
Suppose 5*v - 10 = 3*f - 0, -5*f - 8 = -4*v. Suppose -5*p + 3*p - 2 = f. Let z(t) = 3*t**2 + 2*t + 1. What is the units digit of z(p)?
2
Suppose -n + p + 72 = 0, 0 = -2*n - 2*p - 2*p + 114. What is the units digit of n?
7
Suppose -12 = -3*k + k. Suppose m - 2*m = -k. What is the units digit of m?
6
Let u(p) = 4*p**3 + 4*p - 4. What is the tens digit of u(2)?
3
What is the tens digit of 1/(-1 - (-576)/573)?
9
Let k(t) = 8*t**2 + 3*t - 7. Let p be k(3). Let m = p + -52. What is the tens digit of m?
2
Suppose -2*j - f + 1 = 0, 3 = 3*j + 3*f + 6. Suppose -j*k + 4*k = 0. Suppose 4*r + r - 35 = k. What is the units digit of r?
7
Let z(d) = 11*d - 12. What is the tens digit of z(4)?
3
Suppose -2*a = 10 + 4. Let p = a + -2. Let f(b) = -b**2 - 9*b + 1. What is the units digit of f(p)?
1
What is the tens digit of (1 - (3 + -2)) + 37?
3
Suppose 0 = 4*y - 5*y + 5. Suppose -y*t + 30 = -8*t. Let f = t - -21. What is the units digit of f?
1
Suppose 5*p + 4*r - 313 = 0, 5*p + 0*r - 2*r - 331 = 0. What is the units digit of p?
5
Let n = 8 + -14. Let g = 11 + n. What is the units digit of g?
5
Let k = 35 + 10. Suppose 64 = u - 3*u. Let p = u + k. What is the tens digit of p?
1
Suppose 0 = d - 5, -2*d + 355 + 57 = 3*v. What is the tens digit of v?
3
Let x(w) = w**3 + 14*w**2 + 14*w + 9. What is the units digit of x(-12)?
9
Suppose 0*w - 3*w + 9 = 0. Suppose 2*q = w*q - 18. What is the units digit of q?
8
Let v(l) = 43*l + 14. What is the units digit of v(4)?
6
Let n be -90*-2*1/3. Suppose -2*h = 3*h + n. Let o = h - -19. What is the units digit of o?
7
Suppose 5*r + 10 = 2*g + 100, -5*r + 5*g = -90. What is the units digit of r?
8
Suppose -5*c + 10 = -3*c, -248 = -4*s - 4*c. What is the tens digit of s?
5
Let a(f) = 10*f**3 + f**2 - f + 1. What is the tens digit of a(2)?
8
Suppose -344 = -2*z + 2*j, 4*z - 2*j = -z + 872. What is the hundreds digit of z?
1
Let s(y) = 3*y - 13. Let c(o) = -3*o + 14. Let u(d) = 3*c(d) + 4*s(d). What is the units digit of u(11)?
3
Let q = -9 - -15. Let p be (q/2)/3 + 23. Let l = p + -17. What is the units digit of l?
7
Let w(u) = 0*u - u**3 - 2*u + 5*u**2 + 2*u**3. What is the tens digit of w(-4)?
2
Let l = -24 - -65. What is the units digit of l?
1
Let v = 10 - 5. Let w = v - 0. Let a = 12 - w. What is the units digit of a?
7
Let r(m) be the first derivative of 2*m**3/3 - 3*m**2/2 - 3*m - 2. Let a be r(3). Suppose -3*c = -a - 0. What is the units digit of c?
2
Let x(s) = s**2 + 6*s - 3. Let q be x(-7). Suppose 3*f = -3*m + m + q, 3*m - 5*f - 25 = 0. What is the units digit of m?
5
Let w(y) be the first derivative of -y**4/4 + 5*y**3/3 + 5*y**2/2 + y - 1. Let h be w(6). Let u = 18 + h. What is the units digit of u?
3
What is the tens digit of 5*(-5)/(-15)*144?
4
Let c = -1 - -7. Suppose -3*l + 30 - c = 0. What is the units digit of l?
8
Let w(g) = -5*g + 0*g + 3 + 4*g + 0. What is the tens digit of w(-11)?
1
Let p(u) = -u**2 + 14*u - 17. Let h be p(13). Let s = 12 + h. What is the units digit of s?
8
Let g(t) = t - 5. Let o(c) = 2*c - 11. Let j(v) = 5*g(v) - 3*o(v). What is the units digit of j(5)?
3
Let h be -6*(3 + (-14)/4). Suppose 0 = -o + 17 + h. What is the units digit of o?
0
Suppose 63 + 157 = 4*n. What is the tens digit of n?
5
Let l = -478 + 833. What is the hundreds digit of l?
3
Let i(l) = 55*l - 3. What is the hundreds digit of i(2)?
1
Let u(z) = -2*z - 5 + 6 - 4*z + z. Let m be u(-1). What is the units digit of (-32)/m*(-81)/36?
2
Let o = 31 + 40. What is the units digit of o?
1
What is the units digit of 4 + 51 + -1*1/1?
4
Suppose -4*r - 7 - 4 = -p, -4*p + 16 = -2*r. Let o = 0 + p. Let t(c) = 6*c + 3. What is the units digit of t(o)?
1
Let a = 6 - -2. Let m be (-5)/2*a/(-20). Let n = 6 - m. What is the units digit of n?
5
Suppose x + 8 - 21 = 0. What is the tens digit of x?
1
Let u(v) = 2*v + 5. Let w be u(6). Let x = 33 - w. Let l = -10 + x. What is the units digit of l?
6
Suppose -4*i - i = -10, -5*i - 47 = -3*s. Let n = s - 0. What is the units digit of n?
9
Let d(w) = 16*w + 8. Let c(b) = b - 1. Let y(p) = -8*c(p) - d(p). What is the tens digit of y(-2)?
4
Let s(r) = r - 4. Let k be s(2). Let x be 97/(-9) + k/9. Let f = 17 + x. What is the units digit of f?
6
Let z(k) = -k**3 + 8*k**2 + 3*k - 1. What is the tens digit of z(6)?
8
Let a(s) = -14*s**3 - 2*s - 1. What is the units digit of a(-1)?
5
Let f(a) be the first derivative of a**2/2 + 25*a - 4. What is the tens digit of f(-8)?
1
Suppose -3*r = -28 - 2. Let f be 2 - (r - 2)/(-2). What is the units digit of ((-20)/(-6))/(f/9)?
5
Let y(s) = -s + 7. Let t be y(3). Suppose t*j - 5 = 3. What is the units digit of (-2)/(-1)*1 + j?
4
Let i(y) = -6*y**3 - 1. What is the units digit of i(-1)?
5
Let d be 4/(-6) - (-2544)/(-72). Let k(w) = -w**3 - 5*w**2 - 2*w + 2. Let n be k(-6). Let s = n + d. What is the units digit of s?
4
Suppose 0 = -4*p - 2 + 22. Let v(g) = g**2 - 6*g + 12. What is the units digit of v(p)?
7